{"version":"1.0","provider_name":"Gabon Nouvelle Vision","provider_url":"https:\/\/gabonnouvellevision.com\/gnv","author_name":"Eyeng Obame","author_url":"https:\/\/gabonnouvellevision.com\/gnv\/author\/rufin\/","title":"Commune de Libreville: journ\u00e9e citoyenne ce samedi - Gabon Nouvelle Vision","type":"rich","width":600,"height":338,"html":"<blockquote class=\"wp-embedded-content\" data-secret=\"2pg1he2e0f\"><a href=\"https:\/\/gabonnouvellevision.com\/gnv\/2024\/08\/03\/commune-de-libreville-journee-citoyenne-ce-samedi\/\">Commune de Libreville: journ\u00e9e citoyenne ce samedi<\/a><\/blockquote><iframe sandbox=\"allow-scripts\" security=\"restricted\" src=\"https:\/\/gabonnouvellevision.com\/gnv\/2024\/08\/03\/commune-de-libreville-journee-citoyenne-ce-samedi\/embed\/#?secret=2pg1he2e0f\" width=\"600\" height=\"338\" title=\"\u00ab\u00a0Commune de Libreville: journ\u00e9e citoyenne ce samedi\u00a0\u00bb &#8212; Gabon Nouvelle Vision\" data-secret=\"2pg1he2e0f\" frameborder=\"0\" marginwidth=\"0\" marginheight=\"0\" scrolling=\"no\" class=\"wp-embedded-content\"><\/iframe><script>\n\/*! This file is auto-generated *\/\n!function(d,l){\"use strict\";l.querySelector&&d.addEventListener&&\"undefined\"!=typeof URL&&(d.wp=d.wp||{},d.wp.receiveEmbedMessage||(d.wp.receiveEmbedMessage=function(e){var t=e.data;if((t||t.secret||t.message||t.value)&&!\/[^a-zA-Z0-9]\/.test(t.secret)){for(var s,r,n,a=l.querySelectorAll('iframe[data-secret=\"'+t.secret+'\"]'),o=l.querySelectorAll('blockquote[data-secret=\"'+t.secret+'\"]'),c=new RegExp(\"^https?:$\",\"i\"),i=0;i<o.length;i++)o[i].style.display=\"none\";for(i=0;i<a.length;i++)s=a[i],e.source===s.contentWindow&&(s.removeAttribute(\"style\"),\"height\"===t.message?(1e3<(r=parseInt(t.value,10))?r=1e3:~~r<200&&(r=200),s.height=r):\"link\"===t.message&&(r=new URL(s.getAttribute(\"src\")),n=new URL(t.value),c.test(n.protocol))&&n.host===r.host&&l.activeElement===s&&(d.top.location.href=t.value))}},d.addEventListener(\"message\",d.wp.receiveEmbedMessage,!1),l.addEventListener(\"DOMContentLoaded\",function(){for(var e,t,s=l.querySelectorAll(\"iframe.wp-embedded-content\"),r=0;r<s.length;r++)(t=(e=s[r]).getAttribute(\"data-secret\"))||(t=Math.random().toString(36).substring(2,12),e.src+=\"#?secret=\"+t,e.setAttribute(\"data-secret\",t)),e.contentWindow.postMessage({message:\"ready\",secret:t},\"*\")},!1)))}(window,document);\n\/\/# sourceURL=https:\/\/gabonnouvellevision.com\/gnv\/wp-includes\/js\/wp-embed.min.js\n<\/script>\n","thumbnail_url":"https:\/\/gabonnouvellevision.com\/gnv\/wp-content\/uploads\/2024\/08\/64f9786a03d3f215184641.jpg","thumbnail_width":1018,"thumbnail_height":1552,"description":"Le g\u00e9n\u00e9ral Judes Ibrahim Rapotchombo, D\u00e9l\u00e9gu\u00e9 Sp\u00e9cial de la commune de Libreville C&rsquo;est la demande faite aux r\u00e9sidents de la commune de Libreville par le d\u00e9l\u00e9gu\u00e9 sp\u00e9cial de la ville.\u00a0 Le g\u00e9n\u00e9ral Judes IBrahim Rapotchombo, \u00e0 travers un communiqu\u00e9 sign\u00e9 le 30 juillet dernier, a invit\u00e9 les populations de la capitale gabonaise \u00e0 une journ\u00e9e [&hellip;]"}

Commune de Libreville: journée citoyenne ce samedi - Gabon Nouvelle Vision

<blockquote class="wp-embedded-content" data-secret="2pg1he2e0f"><a href="https://gabonnouvellevision.com/gnv/2024/08/03/commune-de-libreville-journee-citoyenne-ce-samedi/">Commune de Libreville: journée citoyenne ce samedi</a></blockquote><iframe sandbox="allow-scripts" security="restricted" src="https://gabonnouvellevision.com/gnv/2024/08/03/commune-de-libreville-journee-citoyenne-ce-samedi/embed/#?secret=2pg1he2e0f" width="600" height="338" title="« Commune de Libreville: journée citoyenne ce samedi » &#8212; Gabon Nouvelle Vision" data-secret="2pg1he2e0f" frameborder="0" marginwidth="0" marginheight="0" scrolling="no" class="wp-embedded-content"></iframe><script>
/*! This file is auto-generated */
!function(d,l){"use strict";l.querySelector&&d.addEventListener&&"undefined"!=typeof URL&&(d.wp=d.wp||{},d.wp.receiveEmbedMessage||(d.wp.receiveEmbedMessage=function(e){var t=e.data;if((t||t.secret||t.message||t.value)&&!/[^a-zA-Z0-9]/.test(t.secret)){for(var s,r,n,a=l.querySelectorAll('iframe[data-secret="'+t.secret+'"]'),o=l.querySelectorAll('blockquote[data-secret="'+t.secret+'"]'),c=new RegExp("^https?:$","i"),i=0;i<o.length;i++)o[i].style.display="none";for(i=0;i<a.length;i++)s=a[i],e.source===s.contentWindow&&(s.removeAttribute("style"),"height"===t.message?(1e3<(r=parseInt(t.value,10))?r=1e3:~~r<200&&(r=200),s.height=r):"link"===t.message&&(r=new URL(s.getAttribute("src")),n=new URL(t.value),c.test(n.protocol))&&n.host===r.host&&l.activeElement===s&&(d.top.location.href=t.value))}},d.addEventListener("message",d.wp.receiveEmbedMessage,!1),l.addEventListener("DOMContentLoaded",function(){for(var e,t,s=l.querySelectorAll("iframe.wp-embedded-content"),r=0;r<s.length;r++)(t=(e=s[r]).getAttribute("data-secret"))||(t=Math.random().toString(36).substring(2,12),e.src+="#?secret="+t,e.setAttribute("data-secret",t)),e.contentWindow.postMessage({message:"ready",secret:t},"*")},!1)))}(window,document);
//# sourceURL=https://gabonnouvellevision.com/gnv/wp-includes/js/wp-embed.min.js
</script>

Le général Judes Ibrahim Rapotchombo, Délégué Spécial de la commune de Libreville C&rsquo;est la demande faite aux résidents de la commune de Libreville par le délégué spécial de la ville.  Le général Judes IBrahim Rapotchombo, à travers un communiqué signé le 30 juillet dernier, a invité les populations de la capitale gabonaise à une journée [&hellip;]
